{"id":764,"date":"2021-05-05T14:31:50","date_gmt":"2021-05-05T12:31:50","guid":{"rendered":"https:\/\/www.interchair.sk\/produkt\/kira\/"},"modified":"2021-07-28T14:05:57","modified_gmt":"2021-07-28T12:05:57","slug":"kira","status":"publish","type":"product","link":"https:\/\/www.interchair.sk\/en\/product\/kira\/","title":{"rendered":"Kira"},"content":{"rendered":"","protected":false},"excerpt":{"rendered":"<p>Celo\u010dal\u00fanen\u00e9 Konferen\u010dn\u00e9 kreslo<br \/>\nVolite\u013en\u00fd v\u00fdber farby \u010dal\u00fanenia<br \/>\nR\u00f4zne typy podno\u017e\u00ed L3, L1, R6<\/p>\n","protected":false},"featured_media":836,"template":"","meta":{"_et_pb_use_builder":"","_et_pb_old_content":"","_et_gb_content_width":"","inline_featured_image":false},"product_brand":[],"product_cat":[35],"product_tag":[],"class_list":{"0":"post-764","1":"product","2":"type-product","3":"status-publish","4":"has-post-thumbnail","6":"product_cat-lounge-en","8":"first","9":"instock","10":"shipping-taxable","11":"product-type-simple"},"_links":{"self":[{"href":"https:\/\/www.interchair.sk\/en\/wp-json\/wp\/v2\/product\/764","targetHints":{"allow":["GET"]}}],"collection":[{"href":"https:\/\/www.interchair.sk\/en\/wp-json\/wp\/v2\/product"}],"about":[{"href":"https:\/\/www.interchair.sk\/en\/wp-json\/wp\/v2\/types\/product"}],"wp:featuredmedia":[{"embeddable":true,"href":"https:\/\/www.interchair.sk\/en\/wp-json\/wp\/v2\/media\/836"}],"wp:attachment":[{"href":"https:\/\/www.interchair.sk\/en\/wp-json\/wp\/v2\/media?parent=764"}],"wp:term":[{"taxonomy":"product_brand","embeddable":true,"href":"https:\/\/www.interchair.sk\/en\/wp-json\/wp\/v2\/product_brand?post=764"},{"taxonomy":"product_cat","embeddable":true,"href":"https:\/\/www.interchair.sk\/en\/wp-json\/wp\/v2\/product_cat?post=764"},{"taxonomy":"product_tag","embeddable":true,"href":"https:\/\/www.interchair.sk\/en\/wp-json\/wp\/v2\/product_tag?post=764"}],"curies":[{"name":"wp","href":"https:\/\/api.w.org\/{rel}","templated":true}]}}

<p>Celočalúnené Konferenčné kreslo<br />
Voliteľný výber farby čalúnenia<br />
Rôzne typy podnoží L3, L1, R6</p>
